0/3. Suppose 0 = 3*w + 2*f - 9 - 3, 15 = 5*w + i*f. Suppose w = -q + 4*g, 0*q - g = -5*q + 65. What is the remainder when q is divided by 5?
4
Suppose -3*g + 5 + 19 = 0. What is the remainder when 46 is divided by g?
6
What is the remainder when 32 is divided by (-22 - 0)*(-17)/34?
10
Let m = -73 - -116. What is the remainder when m is divided by 20?
3
Let d(z) = 9*z - 2. What is the remainder when 59 is divided by d(2)?
11
Suppose 3*f - 15 = -2*f. Let d be (f - -112) + 2/(-2). Suppose t = -2*t + d. Calculate the remainder when t is divided by 20.
18
Suppose -25 = -7*j + 3*j + 5*a, 3*j - 5*a - 20 = 0. Suppose 10 + 26 = 2*s. Calculate the remainder when s is divided by j.
3
Suppose -2*g = 3*g + 40. Calculate the remainder when 25 is divided by (-52)/(-6)*(-12)/g.
12
Let o = -138 + 141. Suppose 0 = -3*s + 3 + 3. Suppose -4*r + s*j + 28 = 0, 2*r - 12 = 3*j - j. Calculate the remainder when r is divided by o.
2
Suppose -4*v - 5*x + 32 = 0, v + 0*x = -3*x + 8. What is the remainder when v is divided by 3?
2
Let o(w) = -5 + 8*w**3 + 5 + 2*w + 3*w**2. Let k be o(-2). Let l = -37 - k. What is the remainder when l is divided by 7?
5
Suppose 12*o - 140 = 268. Let m = 0 + 0. What is the remainder when o is divided by 2 + m - -5*2?
10
Let w = -6 + 8. Calculate the remainder when 29 is divided by 42/3 + (-8)/w.
9
Suppose -m + 17 + 6 = 0. Let x(z) = -13*z + 4. Calculate the remainder when x(-3) is divided by m.
20
Let b(y) = 12*y + 1. Let l be b(3). Suppose 3*j + 2*g - 3*g = l, 39 = 3*j - 3*g. What is the remainder when 21 is divided by j?
9
Suppose 5*w - 2 = 43. Calculate the remainder when 15 is divided by w.
6
Let n = -57 + 118. Suppose -n = -2*w + 25. What is the remainder when w is divided by 15?
13
Let p = 16 - 11. What is the remainder when 19 is divided by p?
4
Let f(v) = 7*v - 3. Suppose 0 = 2*p + 3*p - 1210. Suppose -s + 5*y + p = 2*s, 0 = -5*s - 3*y + 358. What is the remainder when s is divided by f(4)?
24
Let f(h) = h**3 - 5*h**2 - 6*h + 9. Suppose -o + 5 = 3*m, -4*m = 5*o - 6*m - 93. What is the remainder when o is divided by f(6)?
8
Let q = 8 + -1. Suppose 0 = z - 14 - 8. Let s = z + -10. Calculate the remainder when s is divided by q.
5
What is the remainder when (-3 - 1*-6) + -1 + 24 is divided by 9?
8
Let v(b) = 19*b - 2. What is the remainder when v(5) is divided by 32?
29
Let o(k) = 4*k. Suppose 39 = -5*q + 9. Let t = 19 + q. What is the remainder when o(6) is divided by t?
11
Let x(o) = -3*o + 2. Let i(t) = -6*t + 4. Let r(s) = -3*i(s) + 5*x(s). Suppose y - 32 = -9. What is the remainder when y is divided by r(5)?
10
Let c = -8 - -11. What is the remainder when 172/16 - (-2)/8 is divided by c?
2
Let l(m) be the second derivative of m**5/20 - m**4/2 + 2*m**3/3 - m**2 - 6*m. Calculate the remainder when l(6) is divided by 6.
4
Suppose -5*z + 5 = -3*f, 0 = 5*z + 5*f - 9*f. Suppose 4*o = -0*o - 20, 0 = 5*p + o - 35. What is the remainder when ((-56)/10)/(z/(-10)) is divided by p?
6
Suppose -29 - 172 = -3*j. Suppose 3*p = -0 + 15, j = 4*r + 3*p. Suppose 0 = 5*m - m - 152. What is the remainder when m is divided by r?
12
Let a(u) = -u**2 - 11*u + 5. Calculate the remainder when a(-8) is divided by 16.
13
Suppose 0 = i, y - 2*i = -7*i - 3. Let k(t) = -8*t - 2. What is the remainder when k(y) is divided by (2 - -5) + 2/2?
6
Let k(o) = -o**3 + 9*o**2 - 9*o - 10. Let g(u) = 12*u**2 + 2*u - 1. Calculate the remainder when k(7) is divided by g(1).
12
Let b(v) = -77*v**3 - 1. Let k be b(-1). Suppose -5*o = -3*o - k. Calculate the remainder when o is divided by 13.
12
Let v(n) = 6*n**2 + 1 - n + 1 + 5*n + n**2. Calculate the remainder when 64 is divided by v(-2).
20
Suppose 0 = -2*s + 2 + 4. Suppose 2*g = -3*g. Suppose -s*j + j + 32 = g. What is the remainder when j is divided by 6?
4
Suppose 0 = -v + l - 6, 0*v + 5*l = v + 26. Calculate the remainder when -2 + v + (20 - 0) is divided by 6.
5
Let p(r) = -r. Let u be p(2). Let z be -2*(-2 - 1/u). Suppose t = z*t - 4. What is the remainder when t is divided by 2?
0
Suppose -38 - 15 = -h. Calculate the remainder when h is divided by 18.
17
Let o(g) = g**2 + 4. Let u be o(0). Suppose -3*j + m + 4*m = -26, 0 = -5*j - u*m + 68. Let l = j + -7. What is the remainder when 8 is divided by l?
3
Let k = -144 + 198. Calculate the remainder when 321 is divided by k.
51
Suppose 15*r - 14*r - 20 = 0. What is the remainder when 57 is divided by r?
17
Let g = -5 + 29. Let z be 76/12 - (-2)/(-6). Suppose 5*j + 4*i = 53, -j - i + z = -5. What is the remainder when g is divided by j?
6
Suppose -3*u = -8*u - 10. Let b = 1 - u. Let j = 5 - b. What is the remainder when j is divided by 2?
0
Suppose -3*m - 37 + 308 = -5*x, 0 = 3*m + 3*x - 231. What is the remainder when m is divided by (182/(-39))/(2/(-9))?
19
Calculate the remainder when 100 is divided by ((-68)/(-6))/((-1)/(-3)).
32
Let v = 58 - 35. Let b = -16 + 29. What is the remainder when v is divided by b?
10
Suppose -3*z = -0*z + 2*y - 11, 3*z - 4*y = 5. Suppose 8 = a + z*a, 5*c - 39 = -2*a. What is the remainder when 18 is divided by c?
4
Let x = 2 - -7. Calculate the remainder when 16 is divided by x.
7
What is the remainder when 22*2 + (-9)/(-3) is divided by 16?
15
Let y(d) = d**3 + 6*d**2 + 4. Calculate the remainder when (3 + 7/(-2))*-18 is divided by y(-6).
1
Let z = -10 - 4. Suppose 2*d - 2 = -10. Let k = d - z. Calculate the remainder when k is divided by 4.
2
Suppose 3*t = 2*t + 26. Suppose -2 = -m + 5. Calculate the remainder when t is divided by m.
5
Suppose 0 = -4*r + 20 - 16. Let f(q) = 0*q + 16*q**3 - 7*q**3 - q**2 + q. What is the remainder when f(r) is divided by 5?
4
Suppose b + b - 10 = -2*q, -5*q + 2*b + 53 = 0. What is the remainder when -3 + 1 - (1 - 19) is divided by q?
7
Let x(b) = b**3 + 4*b**2 + b - 4. Let z = 16 + -6. Let k = -8 + z. Calculate the remainder when x(-3) is divided by k.
0
Let h(i) = -1 - 16*i + 1 - 4 + 2*i**2 + 2 + i**3. Suppose -5*j + 4*q = 5, -4*j + 2*q = -0*j - 2. Calculate the remainder when j is divided by h(-5).
0
Let o = -205 - -210. Calculate the remainder when 34 is divided by o.
4
Suppose 2*w - 6*w + 24 = 0. Suppose 4*o + 60 = w*o. Let h(k) = -k**3 - 4*k**2 + k - 4. Calculate the remainder when o is divided by h(-5).
14
Let v(q) = q + 18. Let u be -28*((-3)/(-6) + -1). Let r = -10 + u. What is the remainder when v(-12) is divided by r?
2
Suppose 4*k = -2*c - 17 + 49, -4*c - 4*k = -56. Let h(s) = 7*s**2 - 38*s - 3. Calculate the remainder when h(6) is divided by c.
9
Let q = -25 - -60. What is the remainder when 136 is divided by q?
31
Let b = 6 - 2. Let i(w) = w**3 - 2*w**2 + 2*w. Let g be i(2). Suppose 0 = -g*z + z + 9. Calculate the remainder when b is divided by z.
1
Let h(i) = -114*i**3 - i**2. Let r be h(-1). Suppose -3*m + 284 = r. What is the remainder when (m/4)/(6/16) is divided by 13?
12
Suppose 3*u - 40 = 53. Calculate the remainder when u is divided by 1/((-20)/22 - -1).
9
Let b(v) = -v**3 - v + 11. What is the remainder when b(0) is divided by 4?
3
Let v(q) = -q - 6. Let a be v(-9). Suppose -t - 3*u - 1 = a*t, 3*t + 32 = 4*u. Calculate the remainder when -3 + -14*(t + 0) is divided by 18.
17
Let z be 2/(-7) + 36/(-21). Let f be z/7 - (-12)/(-7). Calculate the remainder when 6 is divided by (-10 + f)*(-1)/3.
2
Let s be (1 - 2) + -3 + 83. Suppose h = 3*j + 28, 2*h - 5*h + 4*j = -s. What is the remainder when h is divided by 15?
10
Let a(n) = 26*n**2 - 2*n - 1. Calculate the remainder when a(-1) is divided by 7.
6
Suppose v = 2 + 2. Suppose 0*w - w + v = 0. Let p = 9 - w. Calculate the remainder when 14 is divided by p.
4
Suppose 84 = 102*j - 96*j. What is the remainder when j is divided by ((-15)/(-2))/3*2?
4
Let b(s) = -s + 3*s**3 + 20 - 7*s**3 + 3*s**3. Let h be b(0). Suppose 0 = 3*v - 4*c - 26, -2*v + c = -4 - h. What is the remainder when v is divided by 5?
4
Suppose p - 4*g = -8, -2*g = 3*g - 10. Suppose 4*z + 6 - 58 = p. Calculate the remainder when 25 is divided by z.
12
Calculate the remainder when 1/(0 + 2/124) is divided by 21.
20
Suppose -2*k + 292 - 82 = 0. Suppose 5*w = -0 + k. What is the remainder when w is divided by 1/(-4)*3*-8?
3
Suppose z - 3 + 5 = 0, 2*r + 2*z = -12. Calculate the remainder when 27 is divided by (-28)/(r/((-2)/(-1))).
13
Let l(k) be the third derivative of k**6/